{"id":6,"date":"2018-03-14T09:57:41","date_gmt":"2018-03-14T09:57:41","guid":{"rendered":"http:\/\/www.coskunozhukuk.com\/?page_id=6"},"modified":"2021-03-21T16:58:55","modified_gmt":"2021-03-21T13:58:55","slug":"home","status":"publish","type":"page","link":"https:\/\/www.coskunozhukuk.com\/","title":{"rendered":"Anasayfa"},"content":{"rendered":"<p>[vc_row heading_color=&#8221;light&#8221; section_type=&#8221;fullwidth&#8221; bg_type=&#8221;color&#8221; padding_top_multiplier=&#8221;&#8221; padding_bottom_multiplier=&#8221;&#8221; columns_gap=&#8221;none&#8221; font_color=&#8221;rgba(255,255,255,0.8)&#8221; bg_color=&#8221;#121722&#8243;][vc_column]<div class=\"grve-element grve-split-content grve-fullscreen-size grve-media-left\" style=\" min-height:500px\">  <div class=\"grve-split-wrapper grve-media-wrapper grve-headings-primary-1 grve-text-primary-1\">    <div class=\"grve-wrapper-inner\">      <h1 class=\"grve-title grve-align-center grve-heading-color grve-h1 grve-custom-font-1 grve-mobile-reset-increase-heading grve-increase-heading grve-heading-300 grve-split-title grve-split-size-large\"><span>CO\u015eKUN\u00d6Z<\/span><\/h1>    <\/div><div class=\"grve-background-wrapper\">  <div class=\"grve-bg-image grve-bg-image-id-179 grve-bg-center-top\"   style=\"background-image: url(https:\/\/www.coskunozhukuk.com\/wp-content\/uploads\/2021\/03\/beyaz.jpg);\"><\/div><\/div>  <\/div>  <div class=\"grve-split-wrapper grve-content-wrapper\">    <div class=\"grve-wrapper-inner\">      <div class=\"grve-title grve-align-center grve-heading-color grve-h1 grve-custom-font-1 grve-mobile-reset-increase-heading grve-increase-heading grve-heading-300 grve-split-title grve-split-size-large\"><span>CO\u015eKUN\u00d6Z<\/span><\/div>    <\/div>  <\/div><\/div>[\/vc_column][\/vc_row][vc_row section_type=&#8221;fullwidth&#8221; bg_type=&#8221;color&#8221; padding_top_multiplier=&#8221;&#8221; padding_bottom_multiplier=&#8221;&#8221; columns_gap=&#8221;none&#8221; bg_color=&#8221;#f7f7f7&#8243;][vc_column width=&#8221;1\/2&#8243; clipping_animation=&#8221;colored-clipping-right&#8221; clipping_animation_colors=&#8221;primary-2&#8243; animation_delay=&#8221;400&#8243; css=&#8221;.vc_custom_1521100060177{padding-right: 25% !important;padding-left: 25% !important;}&#8221;]<div class=\"grve-empty-space grve-height-6x\" style=\"\"><\/div><h3 class=\"grve-element grve-title grve-align-left grve-h1\" style=\"\"><span><br>\n<h4 style=\"text-align: center;\">Av. Ekin Dilara CO\u015eKUN \u00d6Z<\/h4>\n<\/span><\/h3>[vc_column_text text_style=&#8221;subtitle&#8221;]1991 Y\u0131l\u0131nda Bursa\u2019da do\u011fmu\u015ftur. Ankara \u00dcniversitesi Hukuk Fak\u00fcltesi\u2019nden 2014 y\u0131l\u0131nda mezun olduktan sonra Genel \u0130ngilizce e\u011fitimi i\u00e7in London School of Business and Finance \u00dcniversitesinde, Hukuk \u0130ngilizcesi i\u00e7in Cambridge \u00dcniversite\u2019sinde e\u011fitim g\u00f6rm\u00fc\u015ft\u00fcr.<\/p>\n<p>Avukatl\u0131k Staj\u0131na Ankara Barosu\u2019nda ba\u015flam\u0131\u015ft\u0131r. Ankara\u2019n\u0131n \u00f6nde gelen hukuk b\u00fcrosunda 6 y\u0131l \u015firketlere hukuki dan\u0131\u015fmanl\u0131k ve bireysel ve kurumsal m\u00fcvekkillerin dosya takibinde avukat olarak \u00e7al\u0131\u015fm\u0131\u015ft\u0131r.<\/p>\n<p>2020 y\u0131l\u0131nda Kocaeli \u0130zmit\u2019te CO\u015eKUN\u00d6Z Hukuk B\u00fcrosu\u2019nu kurmu\u015ftur. Kocaeli Barosu\u2019na kay\u0131tl\u0131 olarak avukatl\u0131k yapmaktad\u0131r.[\/vc_column_text]<div class=\"grve-empty-space grve-height-6x\" style=\"\"><\/div>[\/vc_column][vc_column width=&#8221;1\/2&#8243; heading_color=&#8221;primary-1&#8243; clipping_animation=&#8221;colored-clipping-left&#8221; clipping_animation_colors=&#8221;primary-1&#8243; animation_delay=&#8221;600&#8243; css=&#8221;.vc_custom_1521100040299{padding-right: 25% !important;padding-left: 25% !important;background-image: url(https:\/\/greatives.eu\/themes\/movedo\/movedo-lawyer\/wp-content\/uploads\/sites\/15\/2018\/03\/movedo-lawyer-home-bg-img-01.jpg?id=51) !important;background-position: center !important;background-repeat: no-repeat !important;background-size: cover !important;}&#8221; font_color=&#8221;#ffffff&#8221;]<div class=\"grve-empty-space grve-height-6x\" style=\"\"><\/div><h3 class=\"grve-element grve-title grve-align-left grve-h1\" style=\"\"><span><br>\n<h4>Uzmanl\u0131k Alanlar\u0131m\u0131z<\/h4>\n<\/span><\/h3>[vc_column_text text_style=&#8221;subtitle&#8221;]<\/p>\n<ul>\n<li>\u0130\u015f Hukuku<\/li>\n<li>Ticaret Hukuku<\/li>\n<li>Aile Hukuku<\/li>\n<li>Gayrimenkul Hukuku<\/li>\n<li>\u0130cra ve \u0130flas Hukuku<\/li>\n<li>Miras Hukuku<\/li>\n<li>T\u00fcketici Hukuku<\/li>\n<li>Vergi Hukuku<\/li>\n<li>Spor Hukuku<\/li>\n<li>S\u00f6zle\u015fmeler Hukuku<\/li>\n<li>M\u00fclteci Hukuku<\/li>\n<li>Kentsel D\u00f6n\u00fc\u015f\u00fcm Hukuku<\/li>\n<li>Ki\u015fisel Verilerin Korunmas\u0131 Hukuku<\/li>\n<\/ul>\n<p>[\/vc_column_text]<div class=\"grve-empty-space grve-height-6x\" style=\"\"><\/div>[\/vc_column][\/vc_row][vc_row heading_color=&#8221;light&#8221; section_type=&#8221;fullwidth&#8221; bg_type=&#8221;color&#8221; padding_top_multiplier=&#8221;&#8221; padding_bottom_multiplier=&#8221;&#8221; columns_gap=&#8221;5&#8243; font_color=&#8221;rgba(255,255,255,0.8)&#8221; bg_color=&#8221;#121722&#8243;][vc_column]<div class=\"grve-element grve-split-content grve-small-size grve-media-left\" style=\" min-height:20px\">  <div class=\"grve-split-wrapper grve-media-wrapper grve-headings-primary-1 grve-text-primary-1\">    <div class=\"grve-wrapper-inner\">      <h1 class=\"grve-title grve-align-center grve-heading-color grve-h1 grve-custom-font-1 grve-split-title grve-split-size-small\"><span>\u0130lkelerimiz<\/span><\/h1>    <\/div><div class=\"grve-background-wrapper\">  <div class=\"grve-bg-image grve-bg-image-id-179 grve-bg-center-top\"   style=\"background-image: url(https:\/\/www.coskunozhukuk.com\/wp-content\/uploads\/2021\/03\/beyaz.jpg);\"><\/div><\/div>  <\/div>  <div class=\"grve-split-wrapper grve-content-wrapper\">    <div class=\"grve-wrapper-inner\">      <div class=\"grve-title grve-align-center grve-heading-color grve-h1 grve-custom-font-1 grve-split-title grve-split-size-small\"><span>\u0130lkelerimiz<\/span><\/div>    <\/div>  <\/div><\/div>[\/vc_column][\/vc_row][vc_row heading_color=&#8221;light&#8221; padding_top_multiplier=&#8221;4x&#8221; padding_bottom_multiplier=&#8221;&#8221; columns_gap=&#8221;none&#8221;][vc_column width=&#8221;1\/3&#8243; clipping_animation=&#8221;clipping-up&#8221; animation_delay=&#8221;300&#8243; css=&#8221;.vc_custom_1616009137806{padding-top: 13px !important;padding-right: 13px !important;padding-bottom: 13px !important;padding-left: 13px !important;background-color: #121722 !important;}&#8221;]<div class=\"grve-element grve-single-icon grve-align-center grve-medium\" style=\"margin-bottom: 18px;\">  <div class=\"grve-wrapper-icon grve-no-shape\" style=\"\"><i class=\"smp-icon-diamond grve-text-primary-1\"><\/i><\/div><\/div><div class=\"grve-empty-space grve-height-1x\" style=\"\"><\/div><h3 class=\"grve-element grve-title grve-align-center grve-h5\" style=\"\"><span><span style=\"color: #ffffff;\">\u0130LET\u0130\u015e\u0130M<\/span><\/span><\/h3><div class=\"grve-empty-space grve-height-1x\" style=\"\"><\/div>[\/vc_column][vc_column width=&#8221;1\/3&#8243; clipping_animation=&#8221;clipping-up&#8221; animation_delay=&#8221;300&#8243; css=&#8221;.vc_custom_1616009117884{padding-top: 13px !important;padding-right: 13px !important;padding-bottom: 13px !important;padding-left: 13px !important;background-color: #1c2538 !important;}&#8221;]<div class=\"grve-element grve-single-icon grve-align-center grve-medium\" style=\"margin-bottom: 18px;\">  <div class=\"grve-wrapper-icon grve-no-shape\" style=\"\"><i class=\"smp-icon-diamond grve-text-primary-1\"><\/i><\/div><\/div><div class=\"grve-empty-space grve-height-1x\" style=\"\"><\/div><h3 class=\"grve-element grve-title grve-align-center grve-h5\" style=\"\"><span><span style=\"color: #ffffff;\">G\u0130R\u0130\u015e\u0130MC\u0130L\u0130K<\/span><\/span><\/h3><div class=\"grve-empty-space grve-height-1x\" style=\"\"><\/div>[\/vc_column][vc_column width=&#8221;1\/3&#8243; clipping_animation=&#8221;clipping-up&#8221; animation_delay=&#8221;300&#8243; css=&#8221;.vc_custom_1615999738857{padding-top: 13px !important;padding-right: 13px !important;padding-bottom: 13px !important;padding-left: 13px !important;background-color: #36425b !important;}&#8221;]<div class=\"grve-element grve-single-icon grve-align-center grve-medium\" style=\"margin-bottom: 18px;\">  <div class=\"grve-wrapper-icon grve-no-shape\" style=\"\"><i class=\"smp-icon-diamond grve-text-primary-1\"><\/i><\/div><\/div><div class=\"grve-empty-space grve-height-1x\" style=\"\"><\/div><h3 class=\"grve-element grve-title grve-align-center grve-h5\" style=\"\"><span><span style=\"color: #ffffff;\">D\u0130S\u0130PL\u0130N<\/span><\/span><\/h3><div class=\"grve-empty-space grve-height-1x\" style=\"\"><\/div>[\/vc_column][\/vc_row][vc_row heading_color=&#8221;light&#8221; padding_top_multiplier=&#8221;&#8221; padding_bottom_multiplier=&#8221;&#8221; columns_gap=&#8221;none&#8221;][vc_column width=&#8221;1\/3&#8243; clipping_animation=&#8221;clipping-up&#8221; animation_delay=&#8221;300&#8243; css=&#8221;.vc_custom_1615999746637{padding-top: 13px !important;padding-right: 13px !important;padding-bottom: 13px !important;padding-left: 13px !important;background-color: #121722 !important;}&#8221;]<div class=\"grve-element grve-single-icon grve-align-center grve-medium\" style=\"margin-bottom: 18px;\">  <div class=\"grve-wrapper-icon grve-no-shape\" style=\"\"><i class=\"smp-icon-diamond grve-text-primary-1\"><\/i><\/div><\/div><div class=\"grve-empty-space grve-height-1x\" style=\"\"><\/div><h3 class=\"grve-element grve-title grve-align-center grve-h5\" style=\"\"><span><span style=\"color: #ffffff;\">T\u0130CAR\u0130 YAKLA\u015eIM SAH\u0130B\u0130 OLMAK\u00a0<\/span><\/span><\/h3><div class=\"grve-empty-space grve-height-1x\" style=\"\"><\/div>[\/vc_column][vc_column width=&#8221;1\/3&#8243; clipping_animation=&#8221;clipping-up&#8221; animation_delay=&#8221;300&#8243; css=&#8221;.vc_custom_1615999755008{padding-top: 13px !important;padding-right: 13px !important;padding-bottom: 13px !important;padding-left: 13px !important;background-color: #1c2538 !important;}&#8221;]<div class=\"grve-element grve-single-icon grve-align-center grve-medium\" style=\"margin-bottom: 18px;\">  <div class=\"grve-wrapper-icon grve-no-shape\" style=\"\"><i class=\"smp-icon-diamond grve-text-primary-1\"><\/i><\/div><\/div><div class=\"grve-empty-space grve-height-1x\" style=\"\"><\/div><h3 class=\"grve-element grve-title grve-align-center grve-h5\" style=\"\"><span><span style=\"color: #ffffff;\">M\u00dcVEKK\u0130LER\u0130M\u0130ZE HIZLA CEVAP VERMEK\u00a0<\/span><\/span><\/h3><div class=\"grve-empty-space grve-height-1x\" style=\"\"><\/div>[\/vc_column][vc_column width=&#8221;1\/3&#8243; clipping_animation=&#8221;clipping-up&#8221; animation_delay=&#8221;300&#8243; css=&#8221;.vc_custom_1615999769480{padding-top: 13px !important;padding-right: 13px !important;padding-bottom: 13px !important;padding-left: 13px !important;background-color: #36425b !important;}&#8221;]<div class=\"grve-element grve-single-icon grve-align-center grve-medium\" style=\"margin-bottom: 18px;\">  <div class=\"grve-wrapper-icon grve-no-shape\" style=\"\"><i class=\"smp-icon-diamond grve-text-primary-1\"><\/i><\/div><\/div><div class=\"grve-empty-space grve-height-1x\" style=\"\"><\/div><h3 class=\"grve-element grve-title grve-align-center grve-h5\" style=\"\"><span><span style=\"color: #ffffff;\">ET\u0130K VE AHLAK DE\u011eERLER\u0130NE BA\u011eLILIK<\/span><\/span><\/h3><div class=\"grve-empty-space grve-height-1x\" style=\"\"><\/div>[\/vc_column][\/vc_row][vc_row bg_type=&#8221;color&#8221; padding_top_multiplier=&#8221;&#8221; padding_bottom_multiplier=&#8221;&#8221; bg_color=&#8221;#cf9450&#8243;][vc_column column_custom_position=&#8221;yes&#8221; position_top=&#8221;3x&#8221; heading_color=&#8221;primary-1&#8243; shadow=&#8221;large&#8221; clipping_animation=&#8221;clipping-up&#8221; animation_delay=&#8221;600&#8243; css=&#8221;.vc_custom_1521100111196{background-image: url(https:\/\/greatives.eu\/themes\/movedo\/movedo-lawyer\/wp-content\/uploads\/sites\/15\/2018\/03\/movedo-lawyer-bg-img-02.jpg?id=60) !important;background-position: center !important;background-repeat: no-repeat !important;background-size: cover !important;}&#8221; font_color=&#8221;#ffffff&#8221;]<div class=\"grve-empty-space grve-height-6x\" style=\"\"><\/div><h3 class=\"grve-element grve-title grve-align-center grve-h3\" style=\"\"><span>En \u0130yi Sonucu Hak Ediyorsunuz!<\/span><\/h3>[vc_column_text text_style=&#8221;leader-text&#8221;]<\/p>\n<h1 style=\"text-align: center;\">Onu almaya \u00f6zen g\u00f6steriyoruz.<\/h1>\n<p>[\/vc_column_text]<div class=\"grve-empty-space grve-height-1x\" style=\"\"><\/div><div class=\"grve-element grve-align-center grve-fluid-button\"><a href=\"http:\/\/www.coskunozhukuk.com\/?page_id=341\" title=\"Randevu Al\" class=\"grve-btn grve-btn-small grve-square grve-bg-primary-1 grve-bg-hover-white\" style=\"max-width: 230px;\"><span>Randevu Al<\/span><\/a><\/div><div class=\"grve-empty-space grve-height-6x\" style=\"\"><\/div>[\/vc_column][\/vc_row]<\/p>\n","protected":false},"excerpt":{"rendered":"<p>[vc_row heading_color=&#8221;light&#8221; section_type=&#8221;fullwidth&#8221; bg_type=&#8221;color&#8221; padding_top_multiplier=&#8221;&#8221; padding_bottom_multiplier=&#8221;&#8221; columns_gap=&#8221;none&#8221; font_color=&#8221;rgba(255,255,255,0.8)&#8221; bg_color=&#8221;#121722&#8243;][vc_column][\/vc_column][\/vc_row][vc_row section_type=&#8221;fullwidth&#8221; bg_type=&#8221;color&#8221; padding_top_multiplier=&#8221;&#8221; padding_bottom_multiplier=&#8221;&#8221; columns_gap=&#8221;none&#8221; bg_color=&#8221;#f7f7f7&#8243;][vc_column width=&#8221;1\/2&#8243; clipping_animation=&#8221;colored-clipping-right&#8221; clipping_animation_colors=&#8221;primary-2&#8243; animation_delay=&#8221;400&#8243; css=&#8221;.vc_custom_1521100060177{padding-right: 25% !important;padding-left: 25% !important;}&#8221;][vc_column_text text_style=&#8221;subtitle&#8221;]1991 Y\u0131l\u0131nda Bursa\u2019da do\u011fmu\u015ftur. Ankara \u00dcniversitesi Hukuk Fak\u00fcltesi\u2019nden 2014 y\u0131l\u0131nda mezun olduktan sonra Genel \u0130ngilizce e\u011fitimi i\u00e7in London School of Business and Finance \u00dcniversitesinde, Hukuk \u0130ngilizcesi i\u00e7in Cambridge \u00dcniversite\u2019sinde e\u011fitim g\u00f6rm\u00fc\u015ft\u00fcr. [&hellip;]<\/p>\n","protected":false},"author":1,"featured_media":208,"parent":0,"menu_order":0,"comment_status":"closed","ping_status":"closed","template":"","meta":{"footnotes":""},"class_list":["post-6","page","type-page","status-publish","has-post-thumbnail","hentry"],"_links":{"self":[{"href":"https:\/\/www.coskunozhukuk.com\/index.php?rest_route=\/wp\/v2\/pages\/6","targetHints":{"allow":["GET"]}}],"collection":[{"href":"https:\/\/www.coskunozhukuk.com\/index.php?rest_route=\/wp\/v2\/pages"}],"about":[{"href":"https:\/\/www.coskunozhukuk.com\/index.php?rest_route=\/wp\/v2\/types\/page"}],"author":[{"embeddable":true,"href":"https:\/\/www.coskunozhukuk.com\/index.php?rest_route=\/wp\/v2\/users\/1"}],"replies":[{"embeddable":true,"href":"https:\/\/www.coskunozhukuk.com\/index.php?rest_route=%2Fwp%2Fv2%2Fcomments&post=6"}],"version-history":[{"count":93,"href":"https:\/\/www.coskunozhukuk.com\/index.php?rest_route=\/wp\/v2\/pages\/6\/revisions"}],"predecessor-version":[{"id":442,"href":"https:\/\/www.coskunozhukuk.com\/index.php?rest_route=\/wp\/v2\/pages\/6\/revisions\/442"}],"wp:featuredmedia":[{"embeddable":true,"href":"https:\/\/www.coskunozhukuk.com\/index.php?rest_route=\/wp\/v2\/media\/208"}],"wp:attachment":[{"href":"https:\/\/www.coskunozhukuk.com\/index.php?rest_route=%2Fwp%2Fv2%2Fmedia&parent=6"}],"curies":[{"name":"wp","href":"https:\/\/api.w.org\/{rel}","templated":true}]}}